2*u - u = -q - 306. List the prime factors of u.
2, 3, 17
Suppose 5*w - 1 - 14 = 0. Let r = 1 + -1. Suppose x - 10 = -y, -w*y - 2*y = r. What are the prime factors of x?
2, 5
Let o = 0 + 1. Suppose 4*r = o + 19. Suppose 13 = 2*q + j, r*j = -3*q + 25 + 12. What are the prime factors of q?
2
Let l = -9 - -15. Let o = l - 5. List the prime factors of (1/(-3))/(o/(-33)).
11
Let a be (5 - 2) + 2 + -3. Suppose -a*g - g + 60 = 0. What are the prime factors of g?
2, 5
Suppose -4*v + 141 = c, 0 = 3*v + v + 4*c - 144. What are the prime factors of v?
5, 7
Let y = 6 + 15. Suppose -3*x - y = -6*x. What are the prime factors of x?
7
Let r(h) = 2*h**3 - 4*h**2 + 3*h + 2. Let m = 4 - 1. List the prime factors of r(m).
29
Let b(g) = 7*g - 49. What are the prime factors of b(11)?
2, 7
Let o be (-911)/(-9) - 2/9. Let y = -57 + o. Suppose 4*g - y = -0*g. What are the prime factors of g?
11
Let t(a) = 24*a - 1. List the prime factors of t(1).
23
Let n(v) = 2*v**2 - 6*v + 4. Let q be n(5). Let u = q - 13. What are the prime factors of u?
11
Let s(a) = a + 8. Let h be s(-7). What are the prime factors of (2 + h)*(-1 + 2)?
3
Suppose 5*h + 4*t = -28 - 1, 0 = -2*h - t - 14. Let w = 11 + h. What are the prime factors of w?
2
Let d = -17 + 30. List the prime factors of (-4)/(-10) + d/5.
3
Suppose -5*m + 58 = -87. What are the prime factors of m?
29
Let k(h) = h**3 + 12*h**2 + 10*h + 5. Let b = -7 - 4. List the prime factors of k(b).
2
Let y = -7 - -4. Let x be 18/y*(-2)/(-6). What are the prime factors of ((-15)/x)/(4/8)?
3, 5
Let w(c) = 31*c**3 + 2*c - 1. List the prime factors of w(1).
2
Let w(z) = -z + 13. List the prime factors of w(6).
7
Let i be 1 - 33*(-2 - -1). Suppose 12 = 3*h + 5*c - 2, -5*h - 3*c + i = 0. List the prime factors of h.
2
List the prime factors of (5/5)/(6/201)*2.
67
Let b(o) = 5*o**3 - o**2 + o - 1. Let f be b(1). Let k = 7 - f. Suppose -5*a + 58 = g, 4*a + k*g = 41 + 12. List the prime factors of a.
11
Let z be 24/11 - 28/154. Suppose -2*w + g = -63, z*w = -3*g - 0*g + 75. List the prime factors of w.
3, 11
Let v be 537/18 + 2/12. Suppose 0 = -3*i - 0*i + v. List the prime factors of i.
2, 5
Let n(j) = j**2 - 7. Let m = 17 - 12. Let u be n(m). List the prime factors of u/(-12)*-3*2.
3
Let u(w) = w - 2. Suppose -7*l + 30 = -2*l. Let i be u(l). Suppose 25 = 5*x, 5*g - 15 - 30 = -i*x. What are the prime factors of g?
5
Let f(k) = k**3 - 2*k**2 - 3*k - 1. Let s be 2/11 - 42/(-11). List the prime factors of f(s).
19
Let c = 15 + 10. What are the prime factors of c?
5
Let h(j) = -j - 4. Let d be h(0). List the prime factors of d*34*(-4)/16.
2, 17
Let i(u) = -u**3 - u**2 + 7*u - 6. List the prime factors of i(-5).
59
Suppose 4*a - 132 = 3*a. What are the prime factors of a?
2, 3, 11
Let q = 56 - -10. List the prime factors of q.
2, 3, 11
Let f be 2/8 + 10/(-8). List the prime factors of (1 - -2) + 20 + f.
2, 11
Let c be (4 - 8)/(-2 + 1). Suppose -5*z + 58 = 3*l - 45, -c*z - 4 = 0. What are the prime factors of l?
2, 3
Let p = 1 + -2. Let j be (-6)/18*9*p. What are the prime factors of 1*j*(-2)/(-3)?
2
Suppose -154 + 49 = 5*j. Let q = 66 + j. What are the prime factors of q?
3, 5
What are the prime factors of (109 - -11)/((-4)/(-6))?
2, 3, 5
Suppose 2*k = -3*k - s - 38, -5*s - 29 = 2*k. Let h = k - -20. What are the prime factors of h?
13
What are the prime factors of 44/154 - (-915)/7?
131
List the prime factors of (-80)/(-15) - 4/(-6).
2, 3
Let x be (-3)/12 + 22/(-8). Let y = 11 + x. What are the prime factors of y?
2
Let l(m) be the second derivative of -1/3*m**3 + 3*m - 1/2*m**2 + 0. What are the prime factors of l(-2)?
3
Suppose g = -2*w + 2*g + 721, -5*g - 1071 = -3*w. List the prime factors of w.
2, 181
Let r(u) = -u**2 + 7*u. Suppose x - 5*x + 40 = 3*f, -f - 24 = -4*x. Let p be r(x). Suppose p = 3*k + 2*k - 10. What are the prime factors of k?
2
Suppose 2*s - 3 = 3*t - 14, -3*t + 4 = 5*s. Let p be (-880)/(-25) + (-1)/5. Suppose 5*h = -2*x + 35, t*h = -3*x - h + p. List the prime factors of x.
5
Let z be (-2)/(-4)*(1 - 1). Let j(f) = -2*f**3 - 26*f**2 - 30*f. Let q be j(-12). Suppose 4*n - q = -z*n. What are the prime factors of n?
2, 3
Suppose 0 = m - 41 - 74. Suppose 10*b = 5*b + m. Let l = -15 + b. List the prime factors of l.
2
Let z(i) = 6*i**3 - 6*i**2 + 9*i - 3. Let u be z(7). Suppose c - u = -3*c. What are the prime factors of c/33 - 4/(-22)?
2, 7
Let x(z) = -2*z + 3. Let y be x(2). Let o(s) be the second derivative of -s**3 + 4*s. List the prime factors of o(y).
2, 3
Suppose 3*i + 5*v = 2*i + 66, -3*v = -9. List the prime factors of i.
3, 17
Let l(b) = -b**2 - 8*b + 9. Let y be l(-9). Suppose y = 3*v - 4*x - 36, 6*v - 4*v - x - 24 = 0. List the prime factors of v.
2, 3
Let g(c) = c**3 - 2*c**2 + 2*c - 1. Let j be g(3). Let o = -10 + j. What are the prime factors of 46/o - 2/(-4)?
2, 3
Let w(a) = 7*a**2 - 2*a - 3*a**2 + a. Suppose -1 - 3 = -2*s. List the prime factors of w(s).
2, 7
Let k = -5 - -10. Suppose 42 = k*n - 2*n. What are the prime factors of n?
2, 7
Let p(o) = -7*o + 18. Let d(a) = a. Let f(k) = 6*d(k) + p(k). List the prime factors of f(9).
3
Suppose -4*d = 194 - 74. Let o be (-192)/(-30) + (-4)/10. What are the prime factors of (o/9)/((-4)/d)?
5
Let x(w) = -5*w + 184. What are the prime factors of x(0)?
2, 23
Let g = 6 - 0. Suppose g*z = z + 20. List the prime factors of z.
2
Let g = 0 - -5. Suppose -2*u - 3*n + n + 8 = 0, g*n = 5*u. Suppose -35 = -3*x - u. What are the prime factors of x?
11
Suppose 0 = -3*o - 5 + 149. Suppose -6*v = -2*v - o. What are the prime factors of v?
2, 3
Let m be (0 - 3)/(30/(-20)). Let w(t) = 5*t**3 - t**2 - t - 1. List the prime factors of w(m).
3, 11
Suppose t + 120 = -4*t + 3*h, 3*h - 78 = 3*t. Let a be -7*(12/t)/2. Suppose -a*b = -v - 9, -8*v - 9 = 2*b - 3*v. List the prime factors of b.
3
Suppose -2*k = -f + 69, 4*f = -6*k + k + 315. List the prime factors of f.
3, 5
Suppose d = 3*s + 12, 4*d + 3 = -5*s - 0. Let g(l) = l**2 - 4. Let u be g(d). Suppose -u*j + 2*j + 57 = 0. What are the prime factors of j?
19
Let v(h) = h**3 - 5*h**2 - 4*h - 5. List the prime factors of v(6).
7
Let c = 115 - 32. What are the prime factors of c?
83
Let z = 104 - 60. What are the prime factors of z?
2, 11
What are the prime factors of (-3620)/(-60) + 1/(-3)?
2, 3, 5
Suppose 4*z + 0*d - 3*d + 15 = 0, 0 = -z - 3*d + 15. Suppose -q + 6 + 1 = z. List the prime factors of q.
7
Let q(t) = 2*t - 12. Let x be q(9). Let n be (-1)/(-4)*(x + -2). List the prime factors of 1/n*8/4.
2
Let v(y) = y**2 - y. Suppose a - 2*r - r - 5 = 0, -2*r = 2*a - 2. List the prime factors of v(a).
2
Let p(i) = i**3 - 8*i**2 + 3*i + 1. List the prime factors of p(8).
5
Let z = 5 + -1. Suppose -m + z = 1. Suppose -2*c + 4*c - m*b = 8, 2*c - b = 16. What are the prime factors of c?
2, 5
Let o(k) = -k + 8. What are the prime factors of o(5)?
3
Suppose -40 = -3*v - v. Suppose -6*a + v = -a. What are the prime factors of a?
2
Let u be (-4 - -4)/(0 + 1). Suppose 2 + u = m. Suppose 5*a + 10 = m*v, 6*a = -5*v + 3*a + 25. What are the prime factors of v?
5
Let v be -1 - 3*4/(-6). Let n = 1 - v. Suppose -x + 15 + 0 = n. List the prime factors of x.
3, 5
List the prime factors of ((-688)/(-8))/(3 - 2).
2, 43
What are the prime factors of 184/7 - (-2)/(-7)?
2, 13
Let j be 0*(-3 - 10/(-4)). Let k = 12 - j. What are the prime factors of k?
2, 3
Let q(h) = h - 1. Let a(n) = -8*n + 8. Let m(y) = -a(y) - 6*q(y). Let c be m(8). Let t = c - 7. What are the prime factors of t?
7
Let l be 4/(-16) - 46/8. Let o = l - -8. Suppose -o*i = -7*i + 10. List the prime factors of i.
2
Let i = -4 + 4. Suppose -41 = -5*t - 16, 2*y - 5*t + 7 = i. Suppose l + 22 = 5*o - 15, 0 = -3*l + y. What are the prime factors of o?
2
Suppose -5*u = -2*u - 231. List the prime factors of u.
7, 11
Suppose 2*f + 4 = 2*r - 4, 5*r + 12 = f. Let u = -4 + 6. Let v = u - f. List the prime factors of v.
2, 5
Let f(l) = l**2 + 7*l + 4. Let m be f(-6). Let p(n) = -n**3 - n**2 - n - 1. List the prime factors of p(m).
5
Let r be 1/(-1)*(-1 - 0). Let w be (27/15 + r)*10. Suppose 5*k - w = 22. What are the prime factors of k?
2, 5
Suppose 4*q - 137 - 167 = 0. Let m = q - 49. What are the prime factors of m?
3
Let k = -4 - -6. Suppose k*v = 3*v + 6. List the prime factors of v/(-3) - 0 - 0.
2
Suppo